 common factor of 36 and 49908?
12
Calculate the highest common divisor of 7633 and 221.
17
What is the highest common factor of 873 and 3298?
97
What is the highest common divisor of 781841 and 505?
101
Calculate the greatest common divisor of 13932 and 8640.
108
Calculate the greatest common divisor of 17424 and 2288.
176
Calculate the highest common factor of 16503 and 282.
3
Calculate the greatest common divisor of 96 and 179787.
3
Calculate the highest common divisor of 2783 and 24079.
121
Calculate the highest common divisor of 710 and 5308670.
710
Calculate the greatest common factor of 12928 and 201394.
202
What is the highest common factor of 54 and 17502?
6
What is the greatest common factor of 370 and 156288?
74
Calculate the greatest common divisor of 612 and 15804.
36
What is the highest common factor of 188 and 88?
4
Calculate the highest common factor of 3013210 and 190.
190
Calculate the highest common divisor of 8 and 189588.
4
Calculate the highest common divisor of 205842 and 1092.
546
Calculate the highest common divisor of 11270 and 348565.
805
Calculate the greatest common divisor of 174 and 180090.
174
Calculate the greatest common divisor of 66 and 230934.
66
What is the greatest common divisor of 73476 and 7748?
52
Calculate the greatest common divisor of 161 and 38367.
7
What is the greatest common divisor of 275274 and 180?
18
Calculate the greatest common divisor of 546 and 3428698.
182
Calculate the highest common divisor of 15969 and 81.
3
Calculate the greatest common divisor of 24120 and 1710.
90
What is the greatest common divisor of 1360 and 73168?
272
Calculate the greatest common divisor of 5837 and 20683.
13
What is the highest common divisor of 39 and 10075?
13
Calculate the highest common divisor of 238145 and 120.
5
Calculate the highest common divisor of 52 and 72202.
26
Calculate the greatest common factor of 7358773 and 17.
17
Calculate the greatest common divisor of 308 and 1936858.
154
Calculate the greatest common divisor of 119 and 16847.
17
Calculate the greatest common divisor of 66 and 110154.
66
What is the greatest common divisor of 1033039 and 1309?
119
What is the highest common divisor of 64500 and 360?
60
Calculate the highest common factor of 12712 and 112.
56
What is the greatest common divisor of 35 and 176785?
35
What is the greatest common divisor of 518 and 323750?
518
What is the greatest common factor of 45156 and 36?
12
What is the greatest common factor of 121023 and 2499?
357
What is the highest common divisor of 1430026 and 26?
26
Calculate the highest common divisor of 819 and 36309.
273
What is the greatest common factor of 196 and 1691186?
98
What is the greatest common divisor of 37093 and 49?
49
What is the greatest common factor of 38 and 502417?
19
What is the highest common factor of 3 and 8691?
3
Calculate the greatest common factor of 176 and 13984.
16
Calculate the greatest common factor of 6222578 and 51.
17
Calculate the greatest common factor of 4895 and 5115.
55
What is the highest common divisor of 840 and 21630?
210
What is the highest common factor of 248 and 105617?
31
Calculate the highest common factor of 2368 and 10767.
37
What is the highest common divisor of 924 and 210?
42
Calculate the highest common divisor of 36 and 339882.
6
Calculate the greatest common divisor of 9660 and 189105.
105
Calculate the greatest common factor of 96134 and 142.
142
Calculate the highest common factor of 513 and 41202.
27
What is the highest common divisor of 25 and 14676425?
25
What is the greatest common factor of 4320 and 60320?
160
Calculate the highest common divisor of 71 and 131137.
71
What is the greatest common factor of 3827 and 23951?
43
Calculate the greatest common factor of 784 and 312228.
196
Calculate the greatest common divisor of 1854 and 4223.
103
Calculate the greatest common factor of 24824 and 214.
214
Calculate the highest common factor of 49396 and 1908.
212
Calculate the greatest common divisor of 1859751 and 18.
9
What is the greatest common divisor of 6777 and 27?
27
Calculate the greatest common divisor of 1748 and 230.
46
Calculate the greatest common factor of 213 and 313536.
213
Calculate the highest common divisor of 45316 and 4.
4
What is the greatest common factor of 2754 and 229176?
54
Calculate the greatest common divisor of 4695 and 4755.
15
What is the highest common factor of 5497 and 414?
23
What is the greatest common divisor of 891 and 990?
99
What is the greatest common divisor of 36177 and 264909?
1167
Calculate the highest common factor of 5550 and 62715.
555
Calculate the highest common divisor of 7728 and 43008.
336
What is the greatest common factor of 600 and 19464?
24
What is the highest common divisor of 117 and 37881?
9
Calculate the greatest common factor of 123860 and 1100.
220
Calculate the greatest common factor of 882664 and 304.
152
What is the highest common divisor of 964 and 6023313?
241
Calculate the greatest common divisor of 1479 and 4669.
29
What is the highest common divisor of 301018 and 826?
118
What is the highest common factor of 10060050 and 2100?
1050
Calculate the greatest common divisor of 3815 and 140.
35
Calculate the highest common divisor of 46442 and 198.
22
What is the highest common divisor of 115581 and 59?
59
What is the greatest common divisor of 21080 and 76840?
680
Calculate the greatest common factor of 30104 and 2968.
424
Calculate the highest common factor of 48502 and 50.
2
Calculate the greatest common factor of 1334 and 129630.
58
What is the highest common factor of 3312 and 27692?
92
Calculate the highest common divisor of 665124 and 1032.
516
Calculate the highest common factor of 52565 and 5.
5
What is the highest common factor of 5890 and 3496?
38
Calculate the greatest common divisor of 4131 and 55296.
27
What is the highest common factor of 4354 and 21434?
14
Calculate the highest common divisor of 557718 and 1626.
1626
What is the greatest common factor of 178026 and 6?
6
Calculate the highest common divisor of 32770 and 319.
29
Calculate the greatest common divisor of 653 and 65953.
653
Calculate the highest common divisor of 4435025 and 125.
25
Calculate the greatest common divisor of 1919963 and 17.
17
Calculate the highest common factor of 158 and 397291.
79
What is the greatest common factor of 52 and 30238?
26
What is the greatest common divisor of 153873 and 984?
123
What is the greatest common factor of 109905 and 30?
15
What is the greatest common divisor of 1740 and 104835?
435
Calculate the greatest common factor of 654143 and 1771.
161
Calculate the greatest common divisor of 3922 and 16006.
106
Calculate the greatest common divisor of 1063945 and 935.
85
What is the highest common divisor of 23520 and 53280?
480
What is the highest common factor of 1152 and 7824?
48
What is the greatest common divisor of 15 and 4554705?
15
What is the highest common factor of 961404 and 678?
678
What is the greatest common divisor of 33764 and 184?
92
What is the highest common divisor of 10386 and 3366?
18
What is the greatest common factor of 1548802 and 68?
34
What is the greatest common divisor of 14265 and 1116?
9
What is the greatest common divisor of 88824 and 104?
8
What is the greatest common factor of 4610 and 120?
10
Calculate the highest common factor of 13845 and 90454.
923
What is the greatest common factor of 729 and 19845?
81
Calculate the highest common factor of 69204 and 23652.
876
Calculate the greatest common divisor of 942911 and 19123.
1471
What is the greatest common divisor of 25388 and 2508?
44
Calculate the greatest common divisor of 294 and 1106.
14
What is the greatest common divisor of 7 and 450870?
7
What is the highest common factor of 25746 and 14?
14
What is the highest common divisor of 23930 and 10?
10
What is the greatest common divisor of 6285 and 80?
5
Calculate the greatest common divisor of 4056 and 304.
8
What is the highest common factor of 264 and 3228?
12
Calculate the highest common divisor of 3560 and 2219660.
1780
Calculate the greatest common factor of 3432 and 11856.
312
What is the greatest common factor of 31768 and 59926?
722
Calculate the greatest common divisor of 481 and 261534.
13
Calculate the greatest common facto